{"id":114,"date":"2019-07-10T00:53:37","date_gmt":"2019-07-09T22:53:37","guid":{"rendered":"http:\/\/www.recarregat.com\/es\/?page_id=114"},"modified":"2019-07-10T01:16:34","modified_gmt":"2019-07-09T23:16:34","slug":"serie-e-home","status":"publish","type":"page","link":"https:\/\/www.recarregat.com\/index.php\/productos\/serie-e-home\/","title":{"rendered":"Serie E-HOME"},"content":{"rendered":"<p><strong>S\u00e8rie eHOME<\/strong><\/p>\n<p><img loading=\"lazy\" width=\"250\" height=\"250\" src=\"http:\/\/www.recarregat.com\/wp-content\/uploads\/2019\/07\/http-circutor-com-images-stories-virtuemart-prod-1.jpeg\" class=\"wp-image-129\" alt=\"http:\/\/circutor.com\/images\/stories\/virtuemart\/product\/FO_eHome_250x250.jpg\" srcset=\"https:\/\/www.recarregat.com\/wp-content\/uploads\/2019\/07\/http-circutor-com-images-stories-virtuemart-prod-1.jpeg 250w, https:\/\/www.recarregat.com\/wp-content\/uploads\/2019\/07\/http-circutor-com-images-stories-virtuemart-prod-1-150x150.jpeg 150w\" sizes=\"(max-width: 250px) 100vw, 250px\" \/><br \/>\n  .<\/p>\n<p><strong>Caixa b\u00e0sica de rec\u00e0rrega:<\/strong><\/p>\n<p>Dissenyada per a ser f\u00e0cilment instal\u00b7lada en aparcaments privats, tant interiors com exteriors, i distribu\u00efda a fabricants de vehicles el\u00e8ctrics. La gamma\u00a0eHome\u00a0ha estat optimitzada per a oferir la millor relaci\u00f3 cost\/caracter\u00edstiques del mercat.<\/p>\n<p>Com a resultat obtenim un producte d&#8217;alta qualitat que pot carregar c\u00f2modament totes les marques de vehicle el\u00e8ctric del mercat en Manera 3 amb un connector Tipus 1 o Tipus 2 connectat al carregador.<\/p>\n<p><img loading=\"lazy\" width=\"1152\" height=\"356\" src=\"http:\/\/www.recarregat.com\/wp-content\/uploads\/2019\/07\/c-users-pedro-desktop-merecarga-fotos-fda-ehome-c-1.jpeg\" class=\"wp-image-130\" alt=\"C:UsersPedroDesktopMERECARGAFotosFDa-ehome-comunidad-vecinos (1).jpg\" srcset=\"https:\/\/www.recarregat.com\/wp-content\/uploads\/2019\/07\/c-users-pedro-desktop-merecarga-fotos-fda-ehome-c-1.jpeg 1152w, https:\/\/www.recarregat.com\/wp-content\/uploads\/2019\/07\/c-users-pedro-desktop-merecarga-fotos-fda-ehome-c-1-300x93.jpeg 300w, https:\/\/www.recarregat.com\/wp-content\/uploads\/2019\/07\/c-users-pedro-desktop-merecarga-fotos-fda-ehome-c-1-768x237.jpeg 768w, https:\/\/www.recarregat.com\/wp-content\/uploads\/2019\/07\/c-users-pedro-desktop-merecarga-fotos-fda-ehome-c-1-1024x316.jpeg 1024w, https:\/\/www.recarregat.com\/wp-content\/uploads\/2019\/07\/c-users-pedro-desktop-merecarga-fotos-fda-ehome-c-1-750x232.jpeg 750w\" sizes=\"(max-width: 1152px) 100vw, 1152px\" \/><\/p>\n<p>La seva aplicaci\u00f3 se centra en l&#8217;\u00fas dom\u00e8stic, ja que \u00e9s f\u00e0cil d&#8217;instal\u00b7lar i t\u00e9 unes dimensions redu\u00efdes.<\/p>\n<p><strong>CARREGADORS\u00a0EHOME\u00a0CARACTER\u00cdSTIQUES T\u00c8CNIQUES:<\/strong><\/p>\n<p><strong>REFER\u00c8NCIES RECOMANADES:<\/strong><\/p>\n<table>\n<tr>\n<td><strong>Tipus <\/strong><\/td>\n<td colspan=\"2\"><strong>Codi <\/strong><\/td>\n<td><strong>Pot\u00e8ncia <\/strong><\/td>\n<td><strong>Corrent <\/strong><\/td>\n<td><strong>Tipus connector <\/strong><\/td>\n<td><strong>Manera carrega <\/strong><\/td>\n<\/tr>\n<tr>\n<td><strong>eHOME T1C16 <\/strong><\/td>\n<td colspan=\"2\"><strong> V23520<\/strong><\/td>\n<td>\n  3,7 kW<\/td>\n<td>\n  16 A<\/td>\n<td>\n  Tipus 1 cable<\/td>\n<td>\n  Manera 3<\/td>\n<\/tr>\n<tr>\n<td><strong>eHOME T1C32 <\/strong><\/td>\n<td colspan=\"2\"><strong>  V23525<\/strong><\/td>\n<td>\n  7,2 kW<\/td>\n<td>\n  32 A<\/td>\n<td>\n  Tipus 1 cable<\/td>\n<td>\n  Manera 3<\/td>\n<\/tr>\n<tr>\n<td colspan=\"2\"><strong>eHOME T2C16 <\/strong><\/td>\n<td><strong>V23515<\/strong><\/td>\n<td>\n  3,7 kW<\/td>\n<td>\n  16 A<\/td>\n<td>\n  Tipus 2 cable<\/td>\n<td>\n  Manera 3<\/td>\n<\/tr>\n<tr>\n<td colspan=\"2\"><strong>eHOME T2C32 <\/strong><\/td>\n<td><strong>V23510<\/strong><\/td>\n<td>\n  7,2 kW<\/td>\n<td>\n  32 A<\/td>\n<td>\n  Tipus 2 cable<\/td>\n<td>\n  Manera 3<\/td>\n<\/tr>\n<\/table>\n<table>\n<tr>\n<td rowspan=\"2\"><strong>Circuit alimentaci\u00f3 <\/strong><\/td>\n<td colspan=\"5\">\n  Alimentaci\u00f3 CA<\/td>\n<td colspan=\"2\">\n  1F + N + PE<\/td>\n<\/tr>\n<tr>\n<td colspan=\"3\">\n  Tensi\u00f3 CA<\/td>\n<td colspan=\"4\">\n               230 Vc.a. \u00b110%<\/td>\n<\/tr>\n<tr>\n<td rowspan=\"3\"><strong>Rec\u00e0rrega de vehicles el\u00e8ctrics  <\/strong><\/td>\n<td colspan=\"6\">\n  Pot\u00e8ncia m\u00e0xima de sortida<\/td>\n<td>\n  3,6 kW &#8211; 7,2 kW<\/td>\n<\/tr>\n<tr>\n<td colspan=\"6\">\n  Corrent m\u00e0xim de sortida<\/td>\n<td>\n  16 A &#8211; 32 A<\/td>\n<\/tr>\n<tr>\n<td>\n  Sistema de c\u00e0rrega<\/td>\n<td colspan=\"6\">\n  Tipus 1 \/Tipus 2 cable (Manera 3)<\/td>\n<\/tr>\n<tr>\n<td rowspan=\"4\"><strong>Caracter\u00edstiques constructives  <\/strong><\/td>\n<td colspan=\"5\">\n  Longitud del cable<\/td>\n<td colspan=\"2\">\n  5 m<\/td>\n<\/tr>\n<tr>\n<td colspan=\"6\">\n  Grau de protecci\u00f3<\/td>\n<td>\n  IP 54 \/ IK 10<\/td>\n<\/tr>\n<tr>\n<td>\n  Manera d&#8217;instal\u00b7laci\u00f3<\/td>\n<td colspan=\"6\">\n      Mural,  ancoratge en paret per 3<\/p>\n<p>punts<\/td>\n<\/tr>\n<tr>\n<td colspan=\"2\">\n  Dimensions<\/td>\n<td colspan=\"5\">\n  315 x 180 x110 mm<\/td>\n<\/tr>\n<tr>\n<td><strong>Interf\u00edcie<\/strong><\/td>\n<td colspan=\"4\">\n  Indicador LED<\/td>\n<td colspan=\"3\">\n  Estat de la c\u00e0rrega<\/td>\n<\/tr>\n<tr>\n<td><\/td>\n<td colspan=\"4\"><\/td>\n<td colspan=\"3\"><\/td>\n<\/tr>\n<\/table>\n","protected":false},"excerpt":{"rendered":"<p>S\u00e8rie eHOME . Caixa b\u00e0sica de rec\u00e0rrega: Dissenyada per a ser f\u00e0cilment instal\u00b7lada en aparcaments privats, tant interiors com exteriors, i distribu\u00efda a fabricants de vehicles el\u00e8ctrics. La gamma\u00a0eHome\u00a0ha estat [&hellip;]<\/p>\n","protected":false},"author":1,"featured_media":0,"parent":54,"menu_order":0,"comment_status":"closed","ping_status":"closed","template":"","meta":[],"_links":{"self":[{"href":"https:\/\/www.recarregat.com\/index.php\/wp-json\/wp\/v2\/pages\/114"}],"collection":[{"href":"https:\/\/www.recarregat.com\/index.php\/wp-json\/wp\/v2\/pages"}],"about":[{"href":"https:\/\/www.recarregat.com\/index.php\/wp-json\/wp\/v2\/types\/page"}],"author":[{"embeddable":true,"href":"https:\/\/www.recarregat.com\/index.php\/wp-json\/wp\/v2\/users\/1"}],"replies":[{"embeddable":true,"href":"https:\/\/www.recarregat.com\/index.php\/wp-json\/wp\/v2\/comments?post=114"}],"version-history":[{"count":4,"href":"https:\/\/www.recarregat.com\/index.php\/wp-json\/wp\/v2\/pages\/114\/revisions"}],"predecessor-version":[{"id":132,"href":"https:\/\/www.recarregat.com\/index.php\/wp-json\/wp\/v2\/pages\/114\/revisions\/132"}],"up":[{"embeddable":true,"href":"https:\/\/www.recarregat.com\/index.php\/wp-json\/wp\/v2\/pages\/54"}],"wp:attachment":[{"href":"https:\/\/www.recarregat.com\/index.php\/wp-json\/wp\/v2\/media?parent=114"}],"curies":[{"name":"wp","href":"https:\/\/api.w.org\/{rel}","templated":true}]}}