{"id":147,"date":"2019-07-10T15:04:20","date_gmt":"2019-07-10T13:04:20","guid":{"rendered":"http:\/\/www.recarregat.com\/es\/?page_id=147"},"modified":"2019-07-10T15:05:06","modified_gmt":"2019-07-10T13:05:06","slug":"postes-urban-wb","status":"publish","type":"page","link":"https:\/\/www.recarregat.com\/index.php\/productos\/postes-urban-wb\/","title":{"rendered":"Postes Serie URBAN-WB"},"content":{"rendered":"<p><strong>PALS DE REC\u00c0RREGA INTERIOR S\u00c8RIE URBAN-WB. PALS DE REC\u00c0RREGA INTEL\u00b7LIGENTS<\/strong>:<\/p>\n<p>S\u00f3n uns pals iguals en caracter\u00edstiques a la S\u00e8rie\u00a0URBAN, per\u00f2 amb subjecci\u00f3 a la paret. Com una caixa de rec\u00e0rrega el\u00e8ctrica o carregador mural.<\/p>\n<p>Els pals de rec\u00e0rrega per a exterior han de resistir les condicions atmosf\u00e8riques i han d&#8217;estar protegits per a possibles actes vand\u00e0lics.<\/p>\n<p>Els equips\u00a0URBAN-WB\u00a0faciliten les tasques de rec\u00e0rrega als diversos usuaris de vehicles el\u00e8ctrics\u00a0incoporando\u00a0les proteccions necess\u00e0ries per a garantir la seva plena seguretat.<\/p>\n<p>La s\u00e8rie\u00a0URBAN-WB\u00a0\u00e9s ideal per a aplicacions complexes on es necessiti oferir les m\u00e0ximes prestacions que exigeix el mercat, es precisi de gesti\u00f3 i monitoratge amb control remot o integrar-se en plataformes de gesti\u00f3 basades en el protocol\u00a0OCPP\u00a01.6J.<\/p>\n<p>Aquests equips estan especialment dissenyats per a ser instal\u00b7lats en p\u00e0rquings coberts i descoberts susceptibles de donar servei a tota mena de vehicles el\u00e8ctrics.<\/p>\n<table>\n<tr>\n<td><strong>TIPUS<\/strong><\/td>\n<td><strong>CODI<\/strong><\/td>\n<td><strong>N\u00ba TOMAS<\/strong><\/td>\n<td><strong>SORTIDAS<\/strong><\/td>\n<td><strong>TIPUS CONNECTOR<\/strong><\/td>\n<td><strong>TIPUS XARXA<\/strong><\/td>\n<td><strong>COMUNICACIONS<\/strong><\/td>\n<\/tr>\n<tr>\n<td>\n  URBAN-WB M22<\/td>\n<td>\n  (C) V20622<\/td>\n<td>\n  2<\/td>\n<td>\n  230 Vca &#8211; 32 A &#8211; 7,4 Kw<\/td>\n<td>\n  Base Tipus 2<\/td>\n<td>\n  Monof\u00e0sica<\/td>\n<td>\n  Ethernet<\/td>\n<\/tr>\n<tr>\n<td>\n  URBAN-WB M22 C1<\/td>\n<td>\n  (C) V20625<\/td>\n<td>\n  2<\/td>\n<td>\n  230 Vca &#8211; 32 A &#8211; 7,4 Kw<\/td>\n<td>\n  Cable Tipus 1<\/td>\n<td>\n  Monof\u00e0sica<\/td>\n<td>\n  Ethernet<\/td>\n<\/tr>\n<\/table>\n<table>\n<tr>\n<td><strong>CARACTER\u00cdSTIQUES T\u00c8CNIQUES <\/strong><\/td>\n<td><\/td>\n<\/tr>\n<tr>\n<td><strong>Connexi\u00f3 Tipus de connector <\/strong><\/td>\n<td>\n  Tipus I y II<\/td>\n<\/tr>\n<tr>\n<td><strong>Tipus de c\u00e0rrega<\/strong><\/td>\n<td>\n  Manera 3<\/td>\n<\/tr>\n<tr>\n<td><strong>Tensi\u00f3 d&#8217;entrada<\/strong><\/td>\n<td>\n  230 Vc.a. \/ 400 Vc.a.<\/td>\n<\/tr>\n<tr>\n<td><strong>Tensi\u00f3 de sortida <\/strong><\/td>\n<td>\n  230 Vc.a. \/ 400 Vc.a.<\/td>\n<\/tr>\n<tr>\n<td><strong>Corrent m\u00e0xim de sortida<\/strong><\/td>\n<td>\n  32 A<\/td>\n<\/tr>\n<tr>\n<td><strong>Rang de pot\u00e8ncia de sortida<\/strong><\/td>\n<td>\n   7,2 \/ 22 kW<\/td>\n<\/tr>\n<tr>\n<td><strong>Interf\u00edcie<\/strong><\/td>\n<td>\n  Balisa lluminosa Indicaci\u00f3 lluminosa d&#8217;estat<\/p>\n<p>de c\u00e0rrega\u00a0RGB<\/td>\n<\/tr>\n<tr>\n<td><\/td>\n<td><\/td>\n<\/tr>\n<tr>\n<td><strong>Control d&#8217;acc\u00e9s<\/strong><\/td>\n<td>\n  Targeta de sistema RFID<\/td>\n<\/tr>\n<tr>\n<td><strong>Comunicacions (Urban 20)<\/strong><\/td>\n<td>\n  Tipus Ethernet, 3G (opcional)<\/td>\n<\/tr>\n<tr>\n<td><strong>Caracter\u00edstiques constructives<\/strong><\/td>\n<td>\n  Envoltant Alumini i pl\u00e0stic ABS<\/td>\n<\/tr>\n<tr>\n<td><strong>Dimensions <\/strong><\/td>\n<td>\n  450 mm x 290 mm x 850 mm<\/td>\n<\/tr>\n<tr>\n<td><strong>Pes<\/strong><\/td>\n<td>\n  30 Kg<\/td>\n<\/tr>\n<tr>\n<td><strong>Fixaci\u00f3<\/strong><\/td>\n<td>\n  Paret<\/td>\n<\/tr>\n<tr>\n<td><\/td>\n<td><\/td>\n<\/tr>\n<\/table>\n","protected":false},"excerpt":{"rendered":"<p>PALS DE REC\u00c0RREGA INTERIOR S\u00c8RIE URBAN-WB. PALS DE REC\u00c0RREGA INTEL\u00b7LIGENTS: S\u00f3n uns pals iguals en caracter\u00edstiques a la S\u00e8rie\u00a0URBAN, per\u00f2 amb subjecci\u00f3 a la paret. Com una caixa de rec\u00e0rrega [&hellip;]<\/p>\n","protected":false},"author":1,"featured_media":0,"parent":54,"menu_order":0,"comment_status":"closed","ping_status":"closed","template":"","meta":[],"_links":{"self":[{"href":"https:\/\/www.recarregat.com\/index.php\/wp-json\/wp\/v2\/pages\/147"}],"collection":[{"href":"https:\/\/www.recarregat.com\/index.php\/wp-json\/wp\/v2\/pages"}],"about":[{"href":"https:\/\/www.recarregat.com\/index.php\/wp-json\/wp\/v2\/types\/page"}],"author":[{"embeddable":true,"href":"https:\/\/www.recarregat.com\/index.php\/wp-json\/wp\/v2\/users\/1"}],"replies":[{"embeddable":true,"href":"https:\/\/www.recarregat.com\/index.php\/wp-json\/wp\/v2\/comments?post=147"}],"version-history":[{"count":2,"href":"https:\/\/www.recarregat.com\/index.php\/wp-json\/wp\/v2\/pages\/147\/revisions"}],"predecessor-version":[{"id":149,"href":"https:\/\/www.recarregat.com\/index.php\/wp-json\/wp\/v2\/pages\/147\/revisions\/149"}],"up":[{"embeddable":true,"href":"https:\/\/www.recarregat.com\/index.php\/wp-json\/wp\/v2\/pages\/54"}],"wp:attachment":[{"href":"https:\/\/www.recarregat.com\/index.php\/wp-json\/wp\/v2\/media?parent=147"}],"curies":[{"name":"wp","href":"https:\/\/api.w.org\/{rel}","templated":true}]}}